{"id":4805,"date":"2020-03-02T19:23:24","date_gmt":"2020-03-02T18:23:24","guid":{"rendered":"http:\/\/www.solidarsport.fr\/?page_id=4805"},"modified":"2020-04-16T11:34:38","modified_gmt":"2020-04-16T09:34:38","slug":"notre-histoire","status":"publish","type":"page","link":"https:\/\/www.solidarsport.fr\/index.php\/notre-histoire\/","title":{"rendered":"Notre histoire"},"content":{"rendered":"\t\t<div data-elementor-type=\"wp-page\" data-elementor-id=\"4805\" class=\"elementor elementor-4805\">\n\t\t\t\t\t\t<section class=\"elementor-section elementor-top-section elementor-element elementor-element-eda8bf9 elementor-section-boxed elementor-section-height-default elementor-section-height-default\" data-id=\"eda8bf9\" data-element_type=\"section\" data-e-type=\"section\">\n\t\t\t\t\t\t<div class=\"elementor-container elementor-column-gap-default\">\n\t\t\t\t\t<div class=\"elementor-column elementor-col-100 elementor-top-column elementor-element elementor-element-7d09b83\" data-id=\"7d09b83\" data-element_type=\"column\" data-e-type=\"column\">\n\t\t\t<div class=\"elementor-widget-wrap elementor-element-populated\">\n\t\t\t\t\t\t<div class=\"elementor-element elementor-element-d5bc3b1 elementor-widget elementor-widget-spacer\" data-id=\"d5bc3b1\" data-element_type=\"widget\" data-e-type=\"widget\" data-widget_type=\"spacer.default\">\n\t\t\t\t<div class=\"elementor-widget-container\">\n\t\t\t\t\t\t\t<div class=\"elementor-spacer\">\n\t\t\t<div class=\"elementor-spacer-inner\"><\/div>\n\t\t<\/div>\n\t\t\t\t\t\t<\/div>\n\t\t\t\t<\/div>\n\t\t\t\t<div class=\"elementor-element elementor-element-69a0c8f5 elementor-widget elementor-widget-heading\" data-id=\"69a0c8f5\" data-element_type=\"widget\" data-e-type=\"widget\" data-widget_type=\"heading.default\">\n\t\t\t\t<div class=\"elementor-widget-container\">\n\t\t\t\t\t<h2 class=\"elementor-heading-title elementor-size-default\">Solidarsport, plus de 25 ans d'histoire !<\/h2>\t\t\t\t<\/div>\n\t\t\t\t<\/div>\n\t\t\t\t<div class=\"elementor-element elementor-element-4a229248 elementor-widget elementor-widget-text-editor\" data-id=\"4a229248\" data-element_type=\"widget\" data-e-type=\"widget\" data-widget_type=\"text-editor.default\">\n\t\t\t\t<div class=\"elementor-widget-container\">\n\t\t\t\t\t\t\t\t\t<p>Pour mesurer le sens et la port\u00e9e de Solidarsport, il importe d&rsquo;en partager le parcours.<\/p><p>L&rsquo;association n&rsquo;a d\u00e9sormais plus aucune ressemblance, avec ce qu&rsquo;elle \u00e9tait \u00e0 son origine.<\/p><p>Lorsque Solidarsport fut cr\u00e9\u00e9e le 2 mai 1994, l&rsquo;id\u00e9e de d\u00e9part \u00e9tait de mettre &#8211; gr\u00e2ce au parrainage de Nice-Matin &#8211; le monde des m\u00e9dias comme un \u00ab\u00a0LIEN\u00a0\u00bb au coeur d&rsquo;un \u00e9lan, parti du monde sportif et visant \u00e0 lutter contre la violence chez les jeunes g\u00e9n\u00e9rations. Avec \u00ab\u00a0Solidar\u00a0\u00bb de solidarit\u00e9 associ\u00e9 au mot \u00ab\u00a0Sport\u00a0\u00bb, notre patronyme coulait de source. L&rsquo;objectif alors, \u00e9tait de tendre la main aux enfants des quartiers dits \u00ab\u00a0sensibles\u00a0\u00bb et des familles d\u00e9favoris\u00e9es.<\/p><p>Aujourd&rsquo;hui, Solidarsport a totalement chang\u00e9. Il n&rsquo;est plus question de seul sport ou zones de pr\u00e9carit\u00e9 ; \u00a0mais de l&rsquo;avenir d&rsquo;une jeunesse toute enti\u00e8re autour des points de rep\u00e8re que renferme notre charte du Respect.<\/p><p>Au fil d&rsquo;un parcours particuli\u00e8rement difficile l&rsquo;association a corrig\u00e9 sa trajectoire, modifi\u00e9 ses objectifs, mais gard\u00e9 plus haut que tout intacte sa vocation premi\u00e8re : \u00eatre un \u00ab\u00a0LIEN\u00a0\u00bb. Un \u00ab\u00a0LIEN\u00a0\u00bb pour des femmes et des hommes r\u00e9unis autour d&rsquo;un socle commun de valeurs \u00e0 l&rsquo;adresse des futures g\u00e9n\u00e9rations.<\/p>\t\t\t\t\t\t\t\t<\/div>\n\t\t\t\t<\/div>\n\t\t\t\t<div class=\"elementor-element elementor-element-ab5a0c6 elementor-widget elementor-widget-spacer\" data-id=\"ab5a0c6\" data-element_type=\"widget\" data-e-type=\"widget\" data-widget_type=\"spacer.default\">\n\t\t\t\t<div class=\"elementor-widget-container\">\n\t\t\t\t\t\t\t<div class=\"elementor-spacer\">\n\t\t\t<div class=\"elementor-spacer-inner\"><\/div>\n\t\t<\/div>\n\t\t\t\t\t\t<\/div>\n\t\t\t\t<\/div>\n\t\t\t\t<div class=\"elementor-element elementor-element-a4d3160 elementor-widget elementor-widget-heading\" data-id=\"a4d3160\" data-element_type=\"widget\" data-e-type=\"widget\" data-widget_type=\"heading.default\">\n\t\t\t\t<div class=\"elementor-widget-container\">\n\t\t\t\t\t<h2 class=\"elementor-heading-title elementor-size-default\">Le livre de notre histoire<\/h2>\t\t\t\t<\/div>\n\t\t\t\t<\/div>\n\t\t\t\t\t<\/div>\n\t\t<\/div>\n\t\t\t\t\t<\/div>\n\t\t<\/section>\n\t\t\t\t<section class=\"elementor-section elementor-top-section elementor-element elementor-element-2afb893 elementor-section-boxed elementor-section-height-default elementor-section-height-default\" data-id=\"2afb893\" data-element_type=\"section\" data-e-type=\"section\">\n\t\t\t\t\t\t<div class=\"elementor-container elementor-column-gap-default\">\n\t\t\t\t\t<div class=\"elementor-column elementor-col-100 elementor-top-column elementor-element elementor-element-cf1efaa\" data-id=\"cf1efaa\" data-element_type=\"column\" data-e-type=\"column\">\n\t\t\t<div class=\"elementor-widget-wrap elementor-element-populated\">\n\t\t\t\t\t\t<div class=\"elementor-element elementor-element-02e6766 elementor-widget elementor-widget-image\" data-id=\"02e6766\" data-element_type=\"widget\" data-e-type=\"widget\" data-widget_type=\"image.default\">\n\t\t\t\t<div class=\"elementor-widget-container\">\n\t\t\t\t\t\t\t\t\t\t\t\t\t\t\t<img fetchpriority=\"high\" decoding=\"async\" width=\"800\" height=\"399\" src=\"https:\/\/www.solidarsport.fr\/wp-content\/uploads\/2020\/03\/livresolidarsport.jpg\" class=\"attachment-large size-large wp-image-4831\" alt=\"\" srcset=\"https:\/\/www.solidarsport.fr\/wp-content\/uploads\/2020\/03\/livresolidarsport.jpg 800w, https:\/\/www.solidarsport.fr\/wp-content\/uploads\/2020\/03\/livresolidarsport-300x150.jpg 300w, https:\/\/www.solidarsport.fr\/wp-content\/uploads\/2020\/03\/livresolidarsport-768x383.jpg 768w\" sizes=\"(max-width: 800px) 100vw, 800px\" \/>\t\t\t\t\t\t\t\t\t\t\t\t\t\t\t<\/div>\n\t\t\t\t<\/div>\n\t\t\t\t\t<\/div>\n\t\t<\/div>\n\t\t\t\t\t<\/div>\n\t\t<\/section>\n\t\t\t\t<section class=\"elementor-section elementor-top-section elementor-element elementor-element-89be805 elementor-section-boxed elementor-section-height-default elementor-section-height-default\" data-id=\"89be805\" data-element_type=\"section\" data-e-type=\"section\">\n\t\t\t\t\t\t<div class=\"elementor-container elementor-column-gap-default\">\n\t\t\t\t\t<div class=\"elementor-column elementor-col-100 elementor-top-column elementor-element elementor-element-43a0a6d\" data-id=\"43a0a6d\" data-element_type=\"column\" data-e-type=\"column\">\n\t\t\t<div class=\"elementor-widget-wrap elementor-element-populated\">\n\t\t\t\t\t\t<div class=\"elementor-element elementor-element-a69783c elementor-widget elementor-widget-text-editor\" data-id=\"a69783c\" data-element_type=\"widget\" data-e-type=\"widget\" data-widget_type=\"text-editor.default\">\n\t\t\t\t<div class=\"elementor-widget-container\">\n\t\t\t\t\t\t\t\t\t<p>Remontez le temps de l&rsquo;aventure Solidarsport \u00e0 travers les 10 chapitres de son histoire !&nbsp;<\/p><p>Pages apr\u00e8s pages d\u00e9couvrez les \u00e9tapes cl\u00e9 de plus de 25 ans de l&rsquo;histoire de notre associations \u00e0 travers des photos, des t\u00e9moignages ou encore des coupures de presse&#8230;<\/p>\t\t\t\t\t\t\t\t<\/div>\n\t\t\t\t<\/div>\n\t\t\t\t<div class=\"elementor-element elementor-element-77a4b13 elementor-widget elementor-widget-oew-brands\" data-id=\"77a4b13\" data-element_type=\"widget\" data-e-type=\"widget\" data-widget_type=\"oew-brands.default\">\n\t\t\t\t<div class=\"elementor-widget-container\">\n\t\t\t\t\t\n\t\t<div class=\"oew-brands\">\n\t\t\t<div class=\"oew-brands-list\">\n\n\t\t\t\t\n\t\t\t\t\t<div class=\"oew-brands-item\">\n\t\t\t\t\t\t<a href=\"https:\/\/www.solidarsport.fr\/wp-content\/uploads\/2009\/01\/Partie-A-2015-2016-.pdf\" class=\"oew-brands-link\">\t\t\t\t\t\t\t<div class=\"oew-brands-img\">\n\t\t\t\t\t\t\t\t<img decoding=\"async\" src=\"https:\/\/www.solidarsport.fr\/wp-content\/uploads\/2020\/03\/vignette2016.png\" \/>\n\t\t\t\t\t\t\t<\/div>\n\t\t\t\t\t\t\t<h5 class=\"oew-brands-name\">2015 - 2016<\/h5>\n\t\t\t\t\t\t\t<div class=\"oew-brands-desc\">\"Demain\"<\/div>\n\t\t\t\t\t\t\t\t\t\t\t\t\t<\/a>\n\t\t\t\t\t\t\t\t\t\t\t<\/div>\n\n\t\t\t\t\n\t\t\t\t\t<div class=\"oew-brands-item\">\n\t\t\t\t\t\t<a href=\"https:\/\/www.solidarsport.fr\/wp-content\/uploads\/2009\/01\/Partie-B-2014-.pdf\" class=\"oew-brands-link\">\t\t\t\t\t\t\t<div class=\"oew-brands-img\">\n\t\t\t\t\t\t\t\t<img decoding=\"async\" src=\"https:\/\/www.solidarsport.fr\/wp-content\/uploads\/2020\/03\/vignette2014.png\" \/>\n\t\t\t\t\t\t\t<\/div>\n\t\t\t\t\t\t\t<h5 class=\"oew-brands-name\">2014<\/h5>\n\t\t\t\t\t\t\t<div class=\"oew-brands-desc\">La signature de la convention officielle \/ Une passerelle \"Ecole - Entreprise\" \/ Solidarsport \u00e0 20 ans<\/div>\n\t\t\t\t\t\t\t\t\t\t\t\t\t<\/a>\n\t\t\t\t\t\t\t\t\t\t\t<\/div>\n\n\t\t\t\t\n\t\t\t\t\t<div class=\"oew-brands-item\">\n\t\t\t\t\t\t<a href=\"https:\/\/www.solidarsport.fr\/wp-content\/uploads\/2009\/01\/Partie-C-2013-.pdf\" class=\"oew-brands-link\">\t\t\t\t\t\t\t<div class=\"oew-brands-img\">\n\t\t\t\t\t\t\t\t<img decoding=\"async\" src=\"https:\/\/www.solidarsport.fr\/wp-content\/uploads\/2020\/03\/vignette2013.png\" \/>\n\t\t\t\t\t\t\t<\/div>\n\t\t\t\t\t\t\t<h5 class=\"oew-brands-name\">2013<\/h5>\n\t\t\t\t\t\t\t<div class=\"oew-brands-desc\">La pouss\u00e9e des \u00e9coles primaires<\/div>\n\t\t\t\t\t\t\t\t\t\t\t\t\t<\/a>\n\t\t\t\t\t\t\t\t\t\t\t<\/div>\n\n\t\t\t\t\n\t\t\t\t\t<div class=\"oew-brands-item\">\n\t\t\t\t\t\t<a href=\"https:\/\/www.solidarsport.fr\/wp-content\/uploads\/2009\/01\/Partie-D-2012-.pdf\" class=\"oew-brands-link\">\t\t\t\t\t\t\t<div class=\"oew-brands-img\">\n\t\t\t\t\t\t\t\t<img decoding=\"async\" src=\"https:\/\/www.solidarsport.fr\/wp-content\/uploads\/2020\/03\/vignette2012.png\" \/>\n\t\t\t\t\t\t\t<\/div>\n\t\t\t\t\t\t\t<h5 class=\"oew-brands-name\">2012<\/h5>\n\t\t\t\t\t\t\t<div class=\"oew-brands-desc\">Le prix de \"l'Engagement Soci\u00e9tal\" de la r\u00e9gion M\u00e9diterrann\u00e9e<\/div>\n\t\t\t\t\t\t\t\t\t\t\t\t\t<\/a>\n\t\t\t\t\t\t\t\t\t\t\t<\/div>\n\n\t\t\t\t\n\t\t\t\t\t<div class=\"oew-brands-item\">\n\t\t\t\t\t\t<a href=\"https:\/\/www.solidarsport.fr\/wp-content\/uploads\/2009\/01\/Partie-E-2010-2011-.pdf\" class=\"oew-brands-link\">\t\t\t\t\t\t\t<div class=\"oew-brands-img\">\n\t\t\t\t\t\t\t\t<img decoding=\"async\" src=\"https:\/\/www.solidarsport.fr\/wp-content\/uploads\/2020\/03\/vignette2010.png\" \/>\n\t\t\t\t\t\t\t<\/div>\n\t\t\t\t\t\t\t<h5 class=\"oew-brands-name\">2010 - 2011<\/h5>\n\t\t\t\t\t\t\t<div class=\"oew-brands-desc\">Le \"Respect en Marche\" pour les coll\u00e9giens de 6\u00e8me \/ Un Comit\u00e9 de \"Haut Parrainage\"<\/div>\n\t\t\t\t\t\t\t\t\t\t\t\t\t<\/a>\n\t\t\t\t\t\t\t\t\t\t\t<\/div>\n\n\t\t\t\t\t\t\t<\/div>\n\t\t<\/div>\n\n\t\t\t\t\t<\/div>\n\t\t\t\t<\/div>\n\t\t\t\t\t<\/div>\n\t\t<\/div>\n\t\t\t\t\t<\/div>\n\t\t<\/section>\n\t\t\t\t<section class=\"elementor-section elementor-top-section elementor-element elementor-element-6c9f810 elementor-section-boxed elementor-section-height-default elementor-section-height-default\" data-id=\"6c9f810\" data-element_type=\"section\" data-e-type=\"section\">\n\t\t\t\t\t\t<div class=\"elementor-container elementor-column-gap-default\">\n\t\t\t\t\t<div class=\"elementor-column elementor-col-100 elementor-top-column elementor-element elementor-element-3835f23\" data-id=\"3835f23\" data-element_type=\"column\" data-e-type=\"column\">\n\t\t\t<div class=\"elementor-widget-wrap elementor-element-populated\">\n\t\t\t\t\t\t<div class=\"elementor-element elementor-element-64b5b67 elementor-widget elementor-widget-oew-brands\" data-id=\"64b5b67\" data-element_type=\"widget\" data-e-type=\"widget\" data-widget_type=\"oew-brands.default\">\n\t\t\t\t<div class=\"elementor-widget-container\">\n\t\t\t\t\t\n\t\t<div class=\"oew-brands\">\n\t\t\t<div class=\"oew-brands-list\">\n\n\t\t\t\t\n\t\t\t\t\t<div class=\"oew-brands-item\">\n\t\t\t\t\t\t<a href=\"https:\/\/www.solidarsport.fr\/wp-content\/uploads\/2009\/01\/Partie-F-2008-2009-.pdf\" class=\"oew-brands-link\">\t\t\t\t\t\t\t<div class=\"oew-brands-img\">\n\t\t\t\t\t\t\t\t<img decoding=\"async\" src=\"https:\/\/www.solidarsport.fr\/wp-content\/uploads\/2020\/03\/vignette2008.png\" \/>\n\t\t\t\t\t\t\t<\/div>\n\t\t\t\t\t\t\t<h5 class=\"oew-brands-name\">2008 - 2009<\/h5>\n\t\t\t\t\t\t\t<div class=\"oew-brands-desc\">La direction Acad\u00e9mique des A-M en fer de lance \/ Un comit\u00e9 d'Ethique \/ La \"Journ\u00e9e Internationale du Respect\" mobilise 35 nationalit\u00e9s<\/div>\n\t\t\t\t\t\t\t\t\t\t\t\t\t<\/a>\n\t\t\t\t\t\t\t\t\t\t\t<\/div>\n\n\t\t\t\t\n\t\t\t\t\t<div class=\"oew-brands-item\">\n\t\t\t\t\t\t<a href=\"https:\/\/www.solidarsport.fr\/wp-content\/uploads\/2009\/01\/Partie-G-2005-2006-2007-.pdf\" class=\"oew-brands-link\">\t\t\t\t\t\t\t<div class=\"oew-brands-img\">\n\t\t\t\t\t\t\t\t<img decoding=\"async\" src=\"https:\/\/www.solidarsport.fr\/wp-content\/uploads\/2020\/03\/vignette2005.png\" \/>\n\t\t\t\t\t\t\t<\/div>\n\t\t\t\t\t\t\t<h5 class=\"oew-brands-name\">2005 - 2006<\/h5>\n\t\t\t\t\t\t\t<div class=\"oew-brands-desc\">L'ile Saint-honorat une \"Terre de Respect\" \/ Les enseignants font bloc<\/div>\n\t\t\t\t\t\t\t\t\t\t\t\t\t<\/a>\n\t\t\t\t\t\t\t\t\t\t\t<\/div>\n\n\t\t\t\t\n\t\t\t\t\t<div class=\"oew-brands-item\">\n\t\t\t\t\t\t<a href=\"https:\/\/www.solidarsport.fr\/wp-content\/uploads\/2009\/01\/Partie-H-2002-2003-2004-.pdf\" class=\"oew-brands-link\">\t\t\t\t\t\t\t<div class=\"oew-brands-img\">\n\t\t\t\t\t\t\t\t<img decoding=\"async\" src=\"https:\/\/www.solidarsport.fr\/wp-content\/uploads\/2020\/03\/vignette2002.png\" \/>\n\t\t\t\t\t\t\t<\/div>\n\t\t\t\t\t\t\t<h5 class=\"oew-brands-name\">2002 - 2003<\/h5>\n\t\t\t\t\t\t\t<div class=\"oew-brands-desc\">Une charte du Respect \/ Un coeur sous forme de \"Puzzle\" \/ Le 1er Troph\u00e9e \"Alpes d'Azur\" des communes \/ Le 1er Prix de la Citoyennet\u00e9 des coll\u00e8ges<\/div>\n\t\t\t\t\t\t\t\t\t\t\t\t\t<\/a>\n\t\t\t\t\t\t\t\t\t\t\t<\/div>\n\n\t\t\t\t\n\t\t\t\t\t<div class=\"oew-brands-item\">\n\t\t\t\t\t\t<a href=\"https:\/\/www.solidarsport.fr\/wp-content\/uploads\/2009\/01\/Partie-I-1997-\u00e0-2001-.pdf\" class=\"oew-brands-link\">\t\t\t\t\t\t\t<div class=\"oew-brands-img\">\n\t\t\t\t\t\t\t\t<img decoding=\"async\" src=\"https:\/\/www.solidarsport.fr\/wp-content\/uploads\/2020\/03\/vignette1997.png\" \/>\n\t\t\t\t\t\t\t<\/div>\n\t\t\t\t\t\t\t<h5 class=\"oew-brands-name\">1997 - 2001<\/h5>\n\t\t\t\t\t\t\t<div class=\"oew-brands-desc\">Un \"Petit Bonhomme au coeur sous Le Bras\" \/ Avec des animateurs RMistes<\/div>\n\t\t\t\t\t\t\t\t\t\t\t\t\t<\/a>\n\t\t\t\t\t\t\t\t\t\t\t<\/div>\n\n\t\t\t\t\n\t\t\t\t\t<div class=\"oew-brands-item\">\n\t\t\t\t\t\t<a href=\"https:\/\/www.solidarsport.fr\/wp-content\/uploads\/2009\/01\/Partie-J-1994-\u00e0-1996-.pdf\" class=\"oew-brands-link\">\t\t\t\t\t\t\t<div class=\"oew-brands-img\">\n\t\t\t\t\t\t\t\t<img decoding=\"async\" src=\"https:\/\/www.solidarsport.fr\/wp-content\/uploads\/2020\/03\/1994vignette.png\" \/>\n\t\t\t\t\t\t\t<\/div>\n\t\t\t\t\t\t\t<h5 class=\"oew-brands-name\">1994 - 1996<\/h5>\n\t\t\t\t\t\t\t<div class=\"oew-brands-desc\">Comment est n\u00e9 Solidarsport<\/div>\n\t\t\t\t\t\t\t\t\t\t\t\t\t<\/a>\n\t\t\t\t\t\t\t\t\t\t\t<\/div>\n\n\t\t\t\t\t\t\t<\/div>\n\t\t<\/div>\n\n\t\t\t\t\t<\/div>\n\t\t\t\t<\/div>\n\t\t\t\t\t<\/div>\n\t\t<\/div>\n\t\t\t\t\t<\/div>\n\t\t<\/section>\n\t\t\t\t<\/div>\n\t\t","protected":false},"excerpt":{"rendered":"<p>Solidarsport, plus de 25 ans d&rsquo;histoire ! Pour mesurer le sens et la port\u00e9e de Solidarsport, il importe d&rsquo;en partager le parcours. L&rsquo;association n&rsquo;a d\u00e9sormais plus aucune ressemblance, avec ce qu&rsquo;elle \u00e9tait \u00e0 son origine. Lorsque Solidarsport fut cr\u00e9\u00e9e le 2 mai 1994, l&rsquo;id\u00e9e de d\u00e9part \u00e9tait de mettre &#8211; gr\u00e2ce au parrainage de Nice-Matin [&hellip;]<\/p>\n","protected":false},"author":5,"featured_media":0,"parent":0,"menu_order":0,"comment_status":"closed","ping_status":"closed","template":"","meta":{"ocean_post_layout":"","ocean_both_sidebars_style":"","ocean_both_sidebars_content_width":0,"ocean_both_sidebars_sidebars_width":0,"ocean_sidebar":"0","ocean_second_sidebar":"0","ocean_disable_margins":"enable","ocean_add_body_class":"","ocean_shortcode_before_top_bar":"","ocean_shortcode_after_top_bar":"","ocean_shortcode_before_header":"","ocean_shortcode_after_header":"","ocean_has_shortcode":"","ocean_shortcode_after_title":"","ocean_shortcode_before_footer_widgets":"","ocean_shortcode_after_footer_widgets":"","ocean_shortcode_before_footer_bottom":"","ocean_shortcode_after_footer_bottom":"","ocean_display_top_bar":"default","ocean_display_header":"default","ocean_header_style":"","ocean_center_header_left_menu":"0","ocean_custom_header_template":"0","ocean_custom_logo":0,"ocean_custom_retina_logo":0,"ocean_custom_logo_max_width":0,"ocean_custom_logo_tablet_max_width":0,"ocean_custom_logo_mobile_max_width":0,"ocean_custom_logo_max_height":0,"ocean_custom_logo_tablet_max_height":0,"ocean_custom_logo_mobile_max_height":0,"ocean_header_custom_menu":"0","ocean_menu_typo_font_family":"0","ocean_menu_typo_font_subset":"","ocean_menu_typo_font_size":0,"ocean_menu_typo_font_size_tablet":0,"ocean_menu_typo_font_size_mobile":0,"ocean_menu_typo_font_size_unit":"px","ocean_menu_typo_font_weight":"","ocean_menu_typo_font_weight_tablet":"","ocean_menu_typo_font_weight_mobile":"","ocean_menu_typo_transform":"","ocean_menu_typo_transform_tablet":"","ocean_menu_typo_transform_mobile":"","ocean_menu_typo_line_height":0,"ocean_menu_typo_line_height_tablet":0,"ocean_menu_typo_line_height_mobile":0,"ocean_menu_typo_line_height_unit":"","ocean_menu_typo_spacing":0,"ocean_menu_typo_spacing_tablet":0,"ocean_menu_typo_spacing_mobile":0,"ocean_menu_typo_spacing_unit":"","ocean_menu_link_color":"","ocean_menu_link_color_hover":"","ocean_menu_link_color_active":"","ocean_menu_link_background":"","ocean_menu_link_hover_background":"","ocean_menu_link_active_background":"","ocean_menu_social_links_bg":"","ocean_menu_social_hover_links_bg":"","ocean_menu_social_links_color":"","ocean_menu_social_hover_links_color":"","ocean_disable_title":"on","ocean_disable_heading":"default","ocean_post_title":"","ocean_post_subheading":"","ocean_post_title_style":"","ocean_post_title_background_color":"","ocean_post_title_background":0,"ocean_post_title_bg_image_position":"","ocean_post_title_bg_image_attachment":"","ocean_post_title_bg_image_repeat":"","ocean_post_title_bg_image_size":"","ocean_post_title_height":0,"ocean_post_title_bg_overlay":0.5,"ocean_post_title_bg_overlay_color":"","ocean_disable_breadcrumbs":"default","ocean_breadcrumbs_color":"","ocean_breadcrumbs_separator_color":"","ocean_breadcrumbs_links_color":"","ocean_breadcrumbs_links_hover_color":"","ocean_display_footer_widgets":"default","ocean_display_footer_bottom":"default","ocean_custom_footer_template":"0","ofc_enable_fullscreen":"disable","ofc_fullscreen_speed":0,"ofc_fullscreen_nav":"enable","ofc_fullscreen_nav_pos":"right","ofc_fullscreen_nav_color":"","ofc_fullscreen_nav_tooltip_color":"","ofc_fullscreen_responsive":0,"osh_disable_topbar_sticky":"default","osh_disable_header_sticky":"default","osh_sticky_header_style":"default","osh_sticky_header_effect":"","osh_custom_sticky_logo":0,"osh_custom_retina_sticky_logo":0,"osh_custom_sticky_logo_height":0,"osh_background_color":"","osh_links_color":"","osh_links_hover_color":"","osh_links_active_color":"","osh_links_bg_color":"","osh_links_hover_bg_color":"","osh_links_active_bg_color":"","osh_menu_social_links_color":"","osh_menu_social_hover_links_color":"","footnotes":""},"class_list":["post-4805","page","type-page","status-publish","hentry","entry"],"_links":{"self":[{"href":"https:\/\/www.solidarsport.fr\/index.php\/wp-json\/wp\/v2\/pages\/4805","targetHints":{"allow":["GET"]}}],"collection":[{"href":"https:\/\/www.solidarsport.fr\/index.php\/wp-json\/wp\/v2\/pages"}],"about":[{"href":"https:\/\/www.solidarsport.fr\/index.php\/wp-json\/wp\/v2\/types\/page"}],"author":[{"embeddable":true,"href":"https:\/\/www.solidarsport.fr\/index.php\/wp-json\/wp\/v2\/users\/5"}],"replies":[{"embeddable":true,"href":"https:\/\/www.solidarsport.fr\/index.php\/wp-json\/wp\/v2\/comments?post=4805"}],"version-history":[{"count":0,"href":"https:\/\/www.solidarsport.fr\/index.php\/wp-json\/wp\/v2\/pages\/4805\/revisions"}],"wp:attachment":[{"href":"https:\/\/www.solidarsport.fr\/index.php\/wp-json\/wp\/v2\/media?parent=4805"}],"curies":[{"name":"wp","href":"https:\/\/api.w.org\/{rel}","templated":true}]}}